0303 (base 5) to base 16.
170d2f
Convert -1b0695 (base 12) to base 3.
-220021120012
Convert 432227 (base 8) to base 13.
50a31
2011111010 (base 3) to base 10
42636
What is 1101010010010011101 (base 2) in base 3?
211010012100
-12000224 (base 5) to base 13
-3aa75
What is -629362 (base 12) in base 14?
-2c50b8
What is 2715051 (base 9) in base 2?
101101010111010001101
What is 4699a8 (base 11) in base 7?
6222462
Convert -20111021000021 (base 3) to base 6.
-201534311
Convert -248015 (base 10) to base 6.
-5152115
Convert 1000000010101100001100101 (base 2) to base 14.
23503c1
What is -102a3 (base 13) in base 7?
-150433
What is -1427680 (base 12) in base 10?
-4035840
Convert -10220001212 (base 3) to base 9.
-126055
1010232322 (base 4) to base 10
281530
Convert -39c138 (base 13) to base 12.
-5748b0
Convert 49b302 (base 15) to base 13.
96820a
Convert -41278 (base 12) to base 13.
-2c936
2200221011 (base 4) to base 16
a0a45
Convert -604455 (base 12) to base 16.
-16e581
What is cd9b (base 16) in base 3?
2200012110
What is 7e3205 (base 15) in base 9?
12317355
Convert 8103 (base 12) to base 4.
3122103
Convert 201273 (base 9) to base 14.
3155d
What is aafdd1 (base 16) in base 7?
164151560
Convert 221120120102 (base 3) to base 16.
7ae82
27647 (base 14) to base 11
670a6
Convert 196a6c (base 15) to base 11.
775913
-68696a (base 12) to base 13
-466549
-141314320 (base 5) to base 6
-23344315
What is 168b54 (base 12) in base 16?
5ee70
What is 33a7b0 (base 16) in base 6?
200320304
Convert 1135574 (base 8) to base 10.
310140
Convert -1211311 (base 5) to base 6.
-253042
Convert -113428 (base 13) to base 9.
-680454
5c11a (base 14) to base 2
110110111111001100
What is -6212455 (base 8) in base 13?
-45729a
Convert -65067 (base 10) to base 9.
-108226
4717309 (base 11) to base 5
4102103211
Convert 375367 (base 8) to base 5.
13123113
Convert 4069ca (base 15) to base 4.
23223003331
1148396 (base 12) to base 4
30231200202
Convert 1010110000011110011111 (base 2) to base 3.
12022021022102
What is -3dad5 (base 14) in base 12?
-746b7
235254 (base 8) to base 3
11002111120
What is -47266 (base 16) in base 4?
-1013021212
What is 307558 (base 9) in base 6?
3525512
Convert 3460367 (base 8) to base 6.
32110343
Convert -13cc07b (base 13) to base 14.
-ba3742
-10110111001110011100 (base 2) to base 9
-1363430
-100303011 (base 4) to base 10
-68805
Convert -110110101111100011 (base 2) to base 12.
-a9917
1a1421a (base 11) to base 4
30332220323
-4715524 (base 10) to base 15
-6322d4
What is 127848 (base 9) in base 16?
1308e
What is -1a026 (base 14) in base 8?
-200542
1134841 (base 9) to base 4
2111312032
What is -132433114 (base 5) in base 14?
-136790
Convert -a0706 (base 11) to base 3.
-21111000012
What is 3427117 (base 8) in base 9?
1665751
What is -604b05 (base 13) in base 15?
-2e3375
Convert 21112220102001 (base 3) to base 12.
1416717
2220101010 (base 4) to base 9
1260380
Convert 4345646 (base 7) to base 11.
334220
456807 (base 11) to base 16
b1562
Convert -1101122122200 (base 3) to base 11.
-466915
What is -321002312 (base 4) in base 11?
-14a603
What is -1010200102221 (base 3) in base 5?
-123311214
What is -2214424 (base 7) in base 5?
-32213044
What is 3684ac (base 14) in base 9?
3454754
Convert -110100001100001000 (base 2) to base 13.
-763b9
What is -1451045 (base 6) in base 7?
-501212
What is 5648987 (base 10) in base 3?
101121222221202
Convert -10101011010110111110001 (base 2) to base 7.
-65504344
Convert 10011011202 (base 3) to base 13.
22355
What is 3512635 (base 8) in base 10?
955805
1ecb7 (base 15) to base 5
11210442
What is 100019 (base 13) in base 16?
5aa73
Convert 10110101000001011 (base 2) to base 11.
636a8
-616756 (base 10) to base 3
-1011100000211
What is fdbd (base 16) in base 11?
44892
What is 230315 (base 7) in base 5?
2302401
What is 83569 (base 11) in base 13?
43594
Convert -50253012 (base 6) to base 9.
-2607108
What is 146615 (base 12) in base 13?
c0197
5627764 (base 8) to base 4
11302333310
Convert 348589 (base 11) to base 4.
2013001223
5287a7 (base 14) to base 2
1010101001000000101111
14040130 (base 5) to base 11
98620
What is -25234054 (base 6) in base 8?
-3064662
What is 523890 (base 11) in base 4?
3030332231
Convert -1d845 (base 16) to base 9.
-203754
What is -365352 (base 7) in base 2?
-10000010010100110
-310060 (base 10) to base 11
-1a1a53
What is 47206 (base 14) in base 2?
101010010011010110
Convert -176d59 (base 14) to base 8.
-3114743
Convert 100001011110101 (base 2) to base 15.
512b
-1132623 (base 7) to base 11
-981a8
Convert 10110100011011011010011 (base 2) to base 9.
12111104
-231300430 (base 5) to base 3
-1221212121221
What is -469601 (base 10) in base 14?
-c31cd
What is 1011001100001100001110 (base 2) in base 9?
5461024
What is -210112202111121 (base 3) in base 2?
-101011101011100110010010
Convert 74b2b (base 12) to base 5.
14404213
Convert -75c64d (base 14) to base 12.
-1405751
1de1da (base 15) to base 4
11211231130
What is -26652014 (base 7) in base 6?
-124511032
-14112403 (base 5) to base 3
-21100112022
Convert 313100342 (base 5) to base 13.
3669b6
Convert 84332 (base 9) to base 4.
31211330
36218111 (base 9) to base 3
1020020122010101
Convert 514505 (base 8) to base 16.
29945
Convert 644323 (base 7) to base 13.
3bc80
Convert a6567 (base 15) to base 12.
21548a
What is 232c7 (base 16) in base 15?
2ca4b
313e6 (base 16) to base 7
1500024
Convert 218281 (base 11) to base 4.
1110321022
Convert 1010000011001010 (base 2) to base 12.
1b9a2
-1115717 (base 9) to base 7
-5053000
Convert -65677 (base 14) to base 16.
-3bef9
10113113 (base 4) to base 9
26465
Convert -2002221100 (base 3) to base 4.
-22020210
-231174 (base 10) to base 9
-382100
What is -13cd56 (base 14) in base 3?
-1021222121121
Convert 34102 (base 15) to base 7.
1256543
Convert 8b96 (base 16) to base 4.
20232112
Convert 351621 (base 7) to base 10.
63078
What is -6c62b8 (base 15) in base 11?
-2a21314
1200201100 (base 3) to base 2
1000001000101111
What is 12205045 (base 6) in base 11?
246a43
Convert -331532 (base 6) to base 10.
-27632
Convert 1a6a17 (base 12) to base 5.
104434034
Convert -17929 (base 10) to base 5.
-1033204
What is -104501054 (base 6) in base 16?
-1d12da
-22316503 (base 7) to base 13
-52ab75
Convert 140754 (base 9) to base 4.
110332111
What is 1ef32e (base 16) in base 14?
3ab290
Convert -2669c35 (base 13) to base 15.
-10d79c7
What is 1855b9 (base 12) in base 5?
102033341
-40834 (base 11) to base 16
-e8b1
What is 3441703 (base 8) in base 13?
269688
Convert 2a963 (base 11) to base 16.
aae6
119ac4 (base 14) to base 2
10010011001110111100
Convert -661227 (base 13) to base 4.
-21022112130
What is 121122221212 (base 3) in base 10?
328019
What is 1001010000100101111011 (base 2) in base 4?
21100211323
-1010010101101011100 (base 2) to base 9
-565642
What is 16441 (base 13) in base 7?
234553
Convert -74573 (base 12) to base 6.
-3135423
What is -cc4981 (base 13) in base 6?
-251022154
65985a2 (base 11) to base 14
1775427
-132134103 (base 6) to base 8
-12007427
What is -150167 (base 13) in base 7?
-4241366
-1526644 (base 7) to base 13
-740bc
What is 132212234 (base 5) in base 11?
413501
Convert -559c5 (base 13) to base 16.
-25f50
Convert -1111000111000010010 (base 2) to base 9.
-834155
What is -14a9202 (base 11) in base 10?
-2574398
What is 176c14 (base 14) in base 15?
114930
What is -d6e26 (base 16) in base 7?
-10324040
Convert -3010111300 (base 4) to base 16.
-c4570
Convert 25a14b (base 14) to base 10.
1295431
-10662401 (base 7) to base 10
-939674
What is -298876 (base 10) in base 7?
-2353234
141511033 (base 6) to base 8
13005435
What is 988786 (base 10) in base 2?
11110001011001110010
Convert -d5cb66 (base 15) to base 6.
-1001534223
Convert 122002100210 (base 3) to base 10.
336333
3875b0 (base 12) to base 5
214102312
What is 268104 (base 12) in base 13?
193681
-922753 (base 14) to base 8
-22621425
What is -11e8e (base 16) in base 12?
-36552
What is -11100202210120 (base 3) in base 5?
-1043134243
What is -60560a (base 12) in base 2?
-101101110110100101010
What is -3126360 (base 11) in base 10?
-5513431
Convert -22090 (base 13) to base 6.
-1153201
-1000111111101101 (base 2) to base 8
-107755
13302322220 (base 4) to base 15
2a5775
What is -4451145 (base 6) in base 16?
-36ce9
What is -1457256 (base 